{"id":3,"date":"2017-04-03T15:11:27","date_gmt":"2017-04-03T15:11:27","guid":{"rendered":"https:\/\/www.communitystories.ca\/v2\/rivieres-prairies-mille-iles_rivers\/home\/"},"modified":"2017-07-25T17:59:33","modified_gmt":"2017-07-25T17:59:33","slug":"home","status":"publish","type":"page","link":"https:\/\/www.communitystories.ca\/v2\/rivieres-prairies-mille-iles_rivers\/","title":{"rendered":"\u00cele J\u00e9sus Follows the Pace of Its Rivers"},"content":{"rendered":"<p>Long before the Europeans set foot on our island, the rivers surrounding it were essential thoroughfares for the Indigenous peoples.<\/p>\n<p>The Mille \u00celes and Des Prairies rivers shaped the lives of the colonists. In summer, the rivers provided water power to mill the harvested grains and a place to relax when the weather was warm. In winter, the rivers gave them a way to bypass privately owned transportation, which they had to pay for. If you were brave, all you needed was a sharp eye to judge whether the ice was thick enough and off you could go to Sainte-Th\u00e9r\u00e8se to the north, or Sault-au-R\u00e9collet to the south for free.<\/p>\n<p>Over time, the people living on \u00cele J\u00e9sus also shaped these watercourses. In addition to farming, commercial development and tourism, there was industrial development. This modern reality sharpened the critical minds of our fellow residents, which led them to join forces to preserve their shoreline and their rivers, as well as the local plants and animals. We owe them a lot!<\/p>\n<p>This exhibition explores the history of our rivers and, in doing so, reveals the history of our region.<\/p>\n<p>&nbsp;<\/p>\n<p>Bertrand Dudemaine<br \/>\nPresident, Centre d&#8217;archives de Laval<\/p>\n","protected":false},"excerpt":{"rendered":"<p>Long before the Europeans set foot on our island, the rivers surrounding it were essential thoroughfares for the Indigenous peoples. The Mille \u00celes and Des Prairies rivers shaped [&hellip;]<\/p>\n","protected":false},"author":6,"featured_media":103,"parent":0,"menu_order":0,"comment_status":"closed","ping_status":"closed","template":"template-home.php","meta":{"_monsterinsights_skip_tracking":false,"_monsterinsights_sitenote_active":false,"_monsterinsights_sitenote_note":"","_monsterinsights_sitenote_category":0,"footnotes":""},"class_list":["post-3","page","type-page","status-publish","has-post-thumbnail","hentry"],"_links":{"self":[{"href":"https:\/\/www.communitystories.ca\/v2\/rivieres-prairies-mille-iles_rivers\/wp-json\/wp\/v2\/pages\/3","targetHints":{"allow":["GET"]}}],"collection":[{"href":"https:\/\/www.communitystories.ca\/v2\/rivieres-prairies-mille-iles_rivers\/wp-json\/wp\/v2\/pages"}],"about":[{"href":"https:\/\/www.communitystories.ca\/v2\/rivieres-prairies-mille-iles_rivers\/wp-json\/wp\/v2\/types\/page"}],"author":[{"embeddable":true,"href":"https:\/\/www.communitystories.ca\/v2\/rivieres-prairies-mille-iles_rivers\/wp-json\/wp\/v2\/users\/6"}],"replies":[{"embeddable":true,"href":"https:\/\/www.communitystories.ca\/v2\/rivieres-prairies-mille-iles_rivers\/wp-json\/wp\/v2\/comments?post=3"}],"version-history":[{"count":5,"href":"https:\/\/www.communitystories.ca\/v2\/rivieres-prairies-mille-iles_rivers\/wp-json\/wp\/v2\/pages\/3\/revisions"}],"predecessor-version":[{"id":201,"href":"https:\/\/www.communitystories.ca\/v2\/rivieres-prairies-mille-iles_rivers\/wp-json\/wp\/v2\/pages\/3\/revisions\/201"}],"wp:featuredmedia":[{"embeddable":true,"href":"https:\/\/www.communitystories.ca\/v2\/rivieres-prairies-mille-iles_rivers\/wp-json\/wp\/v2\/media\/103"}],"wp:attachment":[{"href":"https:\/\/www.communitystories.ca\/v2\/rivieres-prairies-mille-iles_rivers\/wp-json\/wp\/v2\/media?parent=3"}],"curies":[{"name":"wp","href":"https:\/\/api.w.org\/{rel}","templated":true}]}}