{"id":3,"date":"2018-09-11T20:52:35","date_gmt":"2018-09-11T20:52:35","guid":{"rendered":"https:\/\/www.communitystories.ca\/v2\/portraits-de-nos-ancetres_portraits-of-our-ancestors\/home\/"},"modified":"2020-10-09T11:02:01","modified_gmt":"2020-10-09T11:02:01","slug":"portraits-of-our-ancestors","status":"publish","type":"page","link":"https:\/\/www.communitystories.ca\/v2\/portraits-de-nos-ancetres_portraits-of-our-ancestors\/","title":{"rendered":"Portraits of Our Ancestors"},"content":{"rendered":"<p>Often referred to as the \u201cCradle of French civilization in North America\u201d or the \u201cBreadbasket of Qu\u00e9bec,\u201d C\u00f4te-de-Beaupr\u00e9 was colonized rapidly by the French in the 17th century. While it was originally prized for its fertile land and known for its pilgrimage to Saint Anne, it wasn\u2019t until the 19th and 20th centuries that this region located east of Qu\u00e9bec City saw its economy begin to diversify.<\/p>\n<p>Ch\u00e2teau-Richer, one of the oldest villages in Qu\u00e9bec, sits in the heart of C\u00f4te-de-Beaupr\u00e9. It was the seat of the Beaupr\u00e9 Seigneury, as well as the first parish in the region.<\/p>\n<p>But the history of Ch\u00e2teau-Richer and the \u201cCoste des beaux pr\u00e9s\u201d is that, above all, of the 170 or so founding families that settled there. It is the history of generations of women and men who played a role in its development.<\/p>\n<p>With this exhibit, Aux Trois Couvents seeks to celebrate the oft-forgotten figures who left their mark on Ch\u00e2teau-Richer and its region. Step back in time and discover these people\u2014some unassuming, others illustrious\u2014who were pioneers, farmers, members of the clergy, artists, artisans\u2026<\/p>\n<p>Today, Ch\u00e2teau-Richer looks back at them.<\/p>\n<p>A production of Aux Trois Couvents, a place of cultural discovery<\/p>\n","protected":false},"excerpt":{"rendered":"<p>Often referred to as the \u201cCradle of French civilization in North America\u201d or the \u201cBreadbasket of Qu\u00e9bec,\u201d C\u00f4te-de-Beaupr\u00e9 was colonized rapidly by the French in the 17th century. [&hellip;]<\/p>\n","protected":false},"author":6,"featured_media":390,"parent":0,"menu_order":0,"comment_status":"closed","ping_status":"closed","template":"template-home.php","meta":{"_mi_skip_tracking":false,"_monsterinsights_sitenote_active":false,"_monsterinsights_sitenote_note":"","_monsterinsights_sitenote_category":0,"footnotes":""},"_links":{"self":[{"href":"https:\/\/www.communitystories.ca\/v2\/portraits-de-nos-ancetres_portraits-of-our-ancestors\/wp-json\/wp\/v2\/pages\/3"}],"collection":[{"href":"https:\/\/www.communitystories.ca\/v2\/portraits-de-nos-ancetres_portraits-of-our-ancestors\/wp-json\/wp\/v2\/pages"}],"about":[{"href":"https:\/\/www.communitystories.ca\/v2\/portraits-de-nos-ancetres_portraits-of-our-ancestors\/wp-json\/wp\/v2\/types\/page"}],"author":[{"embeddable":true,"href":"https:\/\/www.communitystories.ca\/v2\/portraits-de-nos-ancetres_portraits-of-our-ancestors\/wp-json\/wp\/v2\/users\/6"}],"replies":[{"embeddable":true,"href":"https:\/\/www.communitystories.ca\/v2\/portraits-de-nos-ancetres_portraits-of-our-ancestors\/wp-json\/wp\/v2\/comments?post=3"}],"version-history":[{"count":3,"href":"https:\/\/www.communitystories.ca\/v2\/portraits-de-nos-ancetres_portraits-of-our-ancestors\/wp-json\/wp\/v2\/pages\/3\/revisions"}],"predecessor-version":[{"id":597,"href":"https:\/\/www.communitystories.ca\/v2\/portraits-de-nos-ancetres_portraits-of-our-ancestors\/wp-json\/wp\/v2\/pages\/3\/revisions\/597"}],"wp:featuredmedia":[{"embeddable":true,"href":"https:\/\/www.communitystories.ca\/v2\/portraits-de-nos-ancetres_portraits-of-our-ancestors\/wp-json\/wp\/v2\/media\/390"}],"wp:attachment":[{"href":"https:\/\/www.communitystories.ca\/v2\/portraits-de-nos-ancetres_portraits-of-our-ancestors\/wp-json\/wp\/v2\/media?parent=3"}],"curies":[{"name":"wp","href":"https:\/\/api.w.org\/{rel}","templated":true}]}}